{"id":32,"date":"2021-03-28T15:19:56","date_gmt":"2021-03-28T13:19:56","guid":{"rendered":"http:\/\/parafiazalesie.org\/?page_id=32"},"modified":"2021-03-28T15:19:56","modified_gmt":"2021-03-28T13:19:56","slug":"eucharystia","status":"publish","type":"page","link":"https:\/\/parafiazalesie.org\/index.php\/eucharystia\/","title":{"rendered":"Eucharystia"},"content":{"rendered":"\r\n<h3 style=\"text-align: justify;\">Czym jest Eucharystia?<\/h3>\r\n<p style=\"text-align: justify;\"><strong>Eucharystia jest Ofiar\u0105 Cia\u0142a i Krwi Pana Jezusa<\/strong>, kt\u00f3r\u0105 On ustanowi\u0142, aby w niej na ca\u0142e wieki, a\u017c do swego przyj\u015bcia, utrwali\u0107 Ofiar\u0119 Krzy\u017ca i tak powierzy\u0107 Ko\u015bcio\u0142owi pami\u0105tk\u0119 swej M\u0119ki i Zmartwychwstania. jest znakiem jedno\u015bci, wi\u0119zi\u0105 mi\u0142o\u015bci, uczt\u0105 paschaln\u0105, podczas kt\u00f3rej przyjmujemy Chrystusa, dusz\u0119 nape\u0142niamy \u0142ask\u0105 i otrzymujemy zadatek przysz\u0142ej chwa\u0142y.<\/p>\r\n<p style=\"text-align: justify;\"><strong>Jezus ustanowi\u0142 Eucharysti\u0119 w Wielki Czwartek<\/strong>, &#8222;tej nocy, kiedy zosta\u0142 wydany&#8221; (1Kor 11,23), celebruj\u0105c ze swoimi Aposto\u0142ami Ostatni\u0105 Wieczerz\u0119. Zgromadziwszy swoich Aposto\u0142\u00f3w w Wieczerniku, Jezus wzi\u0105\u0142 w swoje r\u0119ce chleb, po\u0142ama\u0142 go i poda\u0142 im, m\u00f3wi\u0105c: &#8222;Bierzcie i jedzcie z tego wszyscy: to jest bowiem Cia\u0142o moje, kt\u00f3re za was b\u0119dzie wydane&#8221;. Nast\u0119pnie wzi\u0105\u0142 w swoje r\u0119ce kielich z winem, m\u00f3wi\u0105c: &#8222;Bierzcie i pijcie z niego wszyscy: to jest bowiem kielich Krwi mojej nowego i wiecznego Przymierza, kt\u00f3ra za was i za wielu b\u0119dzie wylana na odpuszczenie grzech\u00f3w. To czy\u0144cie na moj\u0105 pami\u0105tk\u0119&#8221;.<\/p>\r\n<p style=\"text-align: justify;\"><strong>Eucharystia jest \u017ar\u00f3d\u0142em i szczytem ca\u0142ego \u017cycia chrze\u015bcija\u0144skiego<\/strong>. jest szczytem dzia\u0142ania, przez kt\u00f3re B\u00f3g u\u015bwi\u0119ca \u015bwiat, a jednocze\u015bnie szczytem kultu, jaki ludzie oddaj\u0105 Bogu. W Eucharystii zawiera si\u0119 ca\u0142e dobro duchowe Ko\u015bcio\u0142a: sam Chrystus &#8211; nasza Pascha. Urzeczywistnia ona komuni\u0119 \u017cycia z Bogiem i jedno\u015b\u0107 Ludu Bo\u017cego. Przez celebracj\u0119 Eucharystii jednoczymy si\u0119 ju\u017c teraz z liturgi\u0105 niebiesk\u0105 i antycypujemy \u017cycie wieczne.<\/p>\r\n<p style=\"text-align: justify;\"><strong>Niezg\u0142\u0119bione bogactwo tego sakramentu wyra\u017cane jest przez wiele r\u00f3\u017cnych nazw<\/strong>, kt\u00f3re ukazuj\u0105 pewien jego szczeg\u00f3lny aspekt. Najcz\u0119\u015bciej nazywa si\u0119 go: Eucharysti\u0105, Msz\u0105 \u015bwi\u0119t\u0105, Wieczerz\u0105 Pa\u0144sk\u0105, \u0141amaniem Chleba, Zgromadzeniem eucharystycznym, Pami\u0105tk\u0105 M\u0119ki, \u015amierci i Zmartwychwstania Pana, Naj\u015bwi\u0119tsz\u0105 Ofiar\u0105, \u015awi\u0119t\u0105 i Bosk\u0105 Liturgi\u0105, \u015bwi\u0119tymi tajemnicami, Naj\u015bwi\u0119tszym Sakramentem o\u0142tarza, Komuni\u0105 \u015awi\u0119t\u0105.<\/p>\r\n<p style=\"text-align: justify;\"><strong>Celebrowanie Eucharystii<\/strong> rozwija si\u0119 w dw\u00f3ch zasadniczych cz\u0119\u015bciach, kt\u00f3re stanowi\u0105 razem jeden i ten sam akt kultu: w liturgii s\u0142owa, kt\u00f3ra obejmuje g\u0142oszenie i s\u0142uchanie s\u0142owa Bo\u017cego; i w liturgii eucharystycznej, kt\u00f3ra obejmuje przygotowanie chleba i wina, modlitw\u0119 eucharystyczn\u0105 zawieraj\u0105c\u0105 s\u0142owa konsekracji i komuni\u0119.<\/p>\r\n<p style=\"text-align: justify;\">Przewodniczy\u0107 Eucharystii mo\u017ce tylko kap\u0142an, kt\u00f3ry dzia\u0142a w osobie Chrystusa &#8211; G\u0142owy i w imieniu Ko\u015bcio\u0142a.<\/p>\r\n<p style=\"text-align: justify;\"><strong>Eucharystia jest pami\u0105tk\u0105<\/strong>, poniewa\u017c uobecnia i aktualizuje ofiar\u0119, kt\u00f3r\u0105 Chrystus z\u0142o\u017cy\u0142 Ojcu raz na zawsze na krzy\u017cu za ca\u0142\u0105 ludzko\u015b\u0107. Ofiara Chrystusa na krzy\u017cu i ofiara Eucharystii s\u0105 jedn\u0105 ofiar\u0105. Jedna i ta sama jest Hostia i ten sam ofiaruj\u0105cy, tylko spos\u00f3b ofiarowania jest inny: w spos\u00f3b krwawy na krzy\u017cu, w spos\u00f3b bezkrwawy w Eucharystii.<\/p>\r\n<p style=\"text-align: justify;\"><strong>Jezus Chrystus jest obecny w Eucharystii<\/strong> prawdziwie, rzeczywi\u015bcie i substancjalnie: z Cia\u0142em i Krwi\u0105, wraz z dusz\u0105 i B\u00f3stwem. jest w niej obecny pod postaciami eucharystycznymi chleba i wina, ca\u0142y Chrystus B\u00f3g i cz\u0142owiek.<\/p>\r\n<p style=\"text-align: justify;\">Eucharystyczna obecno\u015b\u0107 Chrystusa trwa dop\u00f3ty, dop\u00f3ki trwaj\u0105 postacie eucharystyczne.<\/p>\r\n<p style=\"text-align: justify;\"><strong>Sakramentowi Eucharystii nale\u017cy si\u0119 kult uwielbienia<\/strong>, czyli latrii, kt\u00f3ry przys\u0142uguje tylko Bogu, nie tylko podczas obrz\u0119d\u00f3w Mszy \u015bwi\u0119tej, ale i poza ni\u0105. Ko\u015bci\u00f3\u0142 z najwi\u0119ksz\u0105 staranno\u015bci\u0105 przechowuje konsekrowane Hostie, zanosi je chorym i innym osobom nie mog\u0105cym uczestniczy\u0107 we Mszy \u015bwi\u0119tej, wystawia je do publicznej adoracji wiernych, obnosi w procesjach i zach\u0119ca do nawiedzania i adoracji Naj\u015bwi\u0119tszego Sakramentu przechowywanego w tabernakulum.<\/p>\r\n<p style=\"text-align: justify;\"><strong>Kto chce przyj\u0105\u0107 Komuni\u0119 \u015bwi\u0119t\u0105<\/strong>, powinien by\u0107 w pe\u0142ni w\u0142\u0105czony w Ko\u015bci\u00f3\u0142 i znajdowa\u0107 si\u0119 w stanie \u0142aski, to jest bez \u015bwiadomo\u015bci grzechu \u015bmiertelnego. Je\u015bli kto\u015b ma \u015bwiadomo\u015b\u0107, \u017ce pope\u0142ni\u0142 grzech ci\u0119\u017cki, powinien przed przyj\u0119ciem Komunii \u015bwi\u0119tej przyst\u0105pi\u0107 do sakramentu pojednania. wa\u017cne jest te\u017c skupienie i modlitwa, zachowanie ustanowionego przez Ko\u015bci\u00f3\u0142 postu (nic nie je\u015b\u0107 i nie pi\u0107 na 1 godzin\u0119 przed Komuni\u0105 \u015bwi\u0119t\u0105), postawa zewn\u0119trzna (gesty, ubranie), b\u0119d\u0105ce wyrazem szacunku dla Chrystusa. W ci\u0105gu jednego dnia Komuni\u0119 \u015bwi\u0119t\u0105 mo\u017cna przyj\u0105\u0107 dwukrotnie, ale drugi raz wymaga uczestnictwa w ca\u0142ej Mszy \u015bwi\u0119tej.<\/p>\r\n<p style=\"text-align: justify;\">Ko\u015bci\u00f3\u0142 wyra\u017ca trosk\u0119, aby wierni podczas sprawowania Eucharystii nie tylko byli obecni, ale uczestniczyli \u015bwiadomie, pobo\u017cnie i czynnie, posilaj\u0105c si\u0119 przy Stole Cia\u0142a Pa\u0144skiego. Do przyjmowania Komunii \u015bw. Ko\u015bci\u00f3\u0142 zobowi\u0105zuje wiernych <strong>przynajmniej raz w roku w okresie wielkanocnym.<\/strong><\/p>\r\n<p style=\"text-align: justify;\"><strong>Przygotowanie do Pierwszej Komunii \u015bw.<\/strong> ma miejsce w klasie trzeciej szko\u0142y podstawowej i obejmuje katechez\u0119 dzieci w szkole oraz spotkania formacyjne z rodzicami w parafii.<\/p>\r\n<p style=\"text-align: justify;\"><strong>Uroczysto\u015b\u0107 Pierwszej Komunii \u015bw<\/strong>. ma miejsce w naszej parafii w <span style=\"text-decoration: underline;\">trzeci\u0105 niedziel\u0119 maja<\/span> podczas Mszy \u015bw. o godzinie <span style=\"text-decoration: underline;\">12:00.<\/span><\/p>\r\n<p style=\"text-align: justify;\"><strong>Rocznic\u0119 Pierwszej Komunii \u015bw<\/strong>. dzieci prze\u017cywaj\u0105 w <span style=\"text-decoration: underline;\">czwart\u0105 niedziel\u0119 maja<\/span> podczas Mszy \u015bw. o godzinie<span style=\"text-decoration: underline;\"> 12:00.<\/span><\/p>\r\n","protected":false},"excerpt":{"rendered":"<p>Czym jest Eucharystia? Eucharystia jest Ofiar\u0105 Cia\u0142a i Krwi Pana Jezusa, kt\u00f3r\u0105 On ustanowi\u0142, aby w niej na ca\u0142e wieki, a\u017c do swego przyj\u015bcia, utrwali\u0107 Ofiar\u0119 Krzy\u017ca i tak powierzy\u0107 Ko\u015bcio\u0142owi pami\u0105tk\u0119 swej M\u0119ki i Zmartwychwstania. jest znakiem jedno\u015bci, wi\u0119zi\u0105 mi\u0142o\u015bci, uczt\u0105 paschaln\u0105, podczas kt\u00f3rej przyjmujemy Chrystusa, dusz\u0119 nape\u0142niamy \u0142ask\u0105 i otrzymujemy zadatek przysz\u0142ej chwa\u0142y. <a class=\"read-more\" href=\"https:\/\/parafiazalesie.org\/index.php\/eucharystia\/\"><\/p>\n<p>Zobacz wi\u0119cej<\/a><\/p>\n","protected":false},"author":1,"featured_media":0,"parent":0,"menu_order":0,"comment_status":"closed","ping_status":"closed","template":"","meta":{"ngg_post_thumbnail":0,"footnotes":""},"class_list":["post-32","page","type-page","status-publish","hentry"],"_links":{"self":[{"href":"https:\/\/parafiazalesie.org\/index.php\/wp-json\/wp\/v2\/pages\/32","targetHints":{"allow":["GET"]}}],"collection":[{"href":"https:\/\/parafiazalesie.org\/index.php\/wp-json\/wp\/v2\/pages"}],"about":[{"href":"https:\/\/parafiazalesie.org\/index.php\/wp-json\/wp\/v2\/types\/page"}],"author":[{"embeddable":true,"href":"https:\/\/parafiazalesie.org\/index.php\/wp-json\/wp\/v2\/users\/1"}],"replies":[{"embeddable":true,"href":"https:\/\/parafiazalesie.org\/index.php\/wp-json\/wp\/v2\/comments?post=32"}],"version-history":[{"count":0,"href":"https:\/\/parafiazalesie.org\/index.php\/wp-json\/wp\/v2\/pages\/32\/revisions"}],"wp:attachment":[{"href":"https:\/\/parafiazalesie.org\/index.php\/wp-json\/wp\/v2\/media?parent=32"}],"curies":[{"name":"wp","href":"https:\/\/api.w.org\/{rel}","templated":true}]}}

<h3 style="text-align: justify;">Czym jest Eucharystia?</h3>
<p style="text-align: justify;"><strong>Eucharystia jest Ofiarą Ciała i Krwi Pana Jezusa</strong>, którą On ustanowił, aby w niej na całe wieki, aż do swego przyjścia, utrwalić Ofiarę Krzyża i tak powierzyć Kościołowi pamiątkę swej Męki i Zmartwychwstania. jest znakiem jedności, więzią miłości, ucztą paschalną, podczas której przyjmujemy Chrystusa, duszę napełniamy łaską i otrzymujemy zadatek przyszłej chwały.</p>
<p style="text-align: justify;"><strong>Jezus ustanowił Eucharystię w Wielki Czwartek</strong>, &#8222;tej nocy, kiedy został wydany&#8221; (1Kor 11,23), celebrując ze swoimi Apostołami Ostatnią Wieczerzę. Zgromadziwszy swoich Apostołów w Wieczerniku, Jezus wziął w swoje ręce chleb, połamał go i podał im, mówiąc: &#8222;Bierzcie i jedzcie z tego wszyscy: to jest bowiem Ciało moje, które za was będzie wydane&#8221;. Następnie wziął w swoje ręce kielich z winem, mówiąc: &#8222;Bierzcie i pijcie z niego wszyscy: to jest bowiem kielich Krwi mojej nowego i wiecznego Przymierza, która za was i za wielu będzie wylana na odpuszczenie grzechów. To czyńcie na moją pamiątkę&#8221;.</p>
<p style="text-align: justify;"><strong>Eucharystia jest źródłem i szczytem całego życia chrześcijańskiego</strong>. jest szczytem działania, przez które Bóg uświęca świat, a jednocześnie szczytem kultu, jaki ludzie oddają Bogu. W Eucharystii zawiera się całe dobro duchowe Kościoła: sam Chrystus &#8211; nasza Pascha. Urzeczywistnia ona komunię życia z Bogiem i jedność Ludu Bożego. Przez celebrację Eucharystii jednoczymy się już teraz z liturgią niebieską i antycypujemy życie wieczne.</p>
<p style="text-align: justify;"><strong>Niezgłębione bogactwo tego sakramentu wyrażane jest przez wiele różnych nazw</strong>, które ukazują pewien jego szczególny aspekt. Najczęściej nazywa się go: Eucharystią, Mszą świętą, Wieczerzą Pańską, Łamaniem Chleba, Zgromadzeniem eucharystycznym, Pamiątką Męki, Śmierci i Zmartwychwstania Pana, Najświętszą Ofiarą, Świętą i Boską Liturgią, świętymi tajemnicami, Najświętszym Sakramentem ołtarza, Komunią Świętą.</p>
<p style="text-align: justify;"><strong>Celebrowanie Eucharystii</strong> rozwija się w dwóch zasadniczych częściach, które stanowią razem jeden i ten sam akt kultu: w liturgii słowa, która obejmuje głoszenie i słuchanie słowa Bożego; i w liturgii eucharystycznej, która obejmuje przygotowanie chleba i wina, modlitwę eucharystyczną zawierającą słowa konsekracji i komunię.</p>
<p style="text-align: justify;">Przewodniczyć Eucharystii może tylko kapłan, który działa w osobie Chrystusa &#8211; Głowy i w imieniu Kościoła.</p>
<p style="text-align: justify;"><strong>Eucharystia jest pamiątką</strong>, ponieważ uobecnia i aktualizuje ofiarę, którą Chrystus złożył Ojcu raz na zawsze na krzyżu za całą ludzkość. Ofiara Chrystusa na krzyżu i ofiara Eucharystii są jedną ofiarą. Jedna i ta sama jest Hostia i ten sam ofiarujący, tylko sposób ofiarowania jest inny: w sposób krwawy na krzyżu, w sposób bezkrwawy w Eucharystii.</p>
<p style="text-align: justify;"><strong>Jezus Chrystus jest obecny w Eucharystii</strong> prawdziwie, rzeczywiście i substancjalnie: z Ciałem i Krwią, wraz z duszą i Bóstwem. jest w niej obecny pod postaciami eucharystycznymi chleba i wina, cały Chrystus Bóg i człowiek.</p>
<p style="text-align: justify;">Eucharystyczna obecność Chrystusa trwa dopóty, dopóki trwają postacie eucharystyczne.</p>
<p style="text-align: justify;"><strong>Sakramentowi Eucharystii należy się kult uwielbienia</strong>, czyli latrii, który przysługuje tylko Bogu, nie tylko podczas obrzędów Mszy świętej, ale i poza nią. Kościół z największą starannością przechowuje konsekrowane Hostie, zanosi je chorym i innym osobom nie mogącym uczestniczyć we Mszy świętej, wystawia je do publicznej adoracji wiernych, obnosi w procesjach i zachęca do nawiedzania i adoracji Najświętszego Sakramentu przechowywanego w tabernakulum.</p>
<p style="text-align: justify;"><strong>Kto chce przyjąć Komunię świętą</strong>, powinien być w pełni włączony w Kościół i znajdować się w stanie łaski, to jest bez świadomości grzechu śmiertelnego. Jeśli ktoś ma świadomość, że popełnił grzech ciężki, powinien przed przyjęciem Komunii świętej przystąpić do sakramentu pojednania. ważne jest też skupienie i modlitwa, zachowanie ustanowionego przez Kościół postu (nic nie jeść i nie pić na 1 godzinę przed Komunią świętą), postawa zewnętrzna (gesty, ubranie), będące wyrazem szacunku dla Chrystusa. W ciągu jednego dnia Komunię świętą można przyjąć dwukrotnie, ale drugi raz wymaga uczestnictwa w całej Mszy świętej.</p>
<p style="text-align: justify;">Kościół wyraża troskę, aby wierni podczas sprawowania Eucharystii nie tylko byli obecni, ale uczestniczyli świadomie, pobożnie i czynnie, posilając się przy Stole Ciała Pańskiego. Do przyjmowania Komunii św. Kościół zobowiązuje wiernych <strong>przynajmniej raz w roku w okresie wielkanocnym.</strong></p>
<p style="text-align: justify;"><strong>Przygotowanie do Pierwszej Komunii św.</strong> ma miejsce w klasie trzeciej szkoły podstawowej i obejmuje katechezę dzieci w szkole oraz spotkania formacyjne z rodzicami w parafii.</p>
<p style="text-align: justify;"><strong>Uroczystość Pierwszej Komunii św</strong>. ma miejsce w naszej parafii w <span style="text-decoration: underline;">trzecią niedzielę maja</span> podczas Mszy św. o godzinie <span style="text-decoration: underline;">12:00.</span></p>
<p style="text-align: justify;"><strong>Rocznicę Pierwszej Komunii św</strong>. dzieci przeżywają w <span style="text-decoration: underline;">czwartą niedzielę maja</span> podczas Mszy św. o godzinie<span style="text-decoration: underline;"> 12:00.</span></p>

<p>Czym jest Eucharystia? Eucharystia jest Ofiarą Ciała i Krwi Pana Jezusa, którą On ustanowił, aby w niej na całe wieki, aż do swego przyjścia, utrwalić Ofiarę Krzyża i tak powierzyć Kościołowi pamiątkę swej Męki i Zmartwychwstania. jest znakiem jedności, więzią miłości, ucztą paschalną, podczas której przyjmujemy Chrystusa, duszę napełniamy łaską i otrzymujemy zadatek przyszłej chwały. <a class="read-more" href="https://parafiazalesie.org/index.php/eucharystia/"></p>
<p>Zobacz więcej</a></p>
